test common divisor of b and 4.
4
Suppose 5*k = -d - 0*k + 24, 3*d = 3*k + 72. Calculate the greatest common factor of 192 and d.
24
Suppose -2*h + 1392 = 4*h. Let n = h - 139. Let l(q) = -3*q**3 - 2*q**2 + q + 2. Let f be l(-3). Calculate the highest common divisor of f and n.
31
Suppose 350 = 3*u + u + 2*d, 4*u + 5*d - 335 = 0. Calculate the greatest common factor of u and 144.
18
Suppose 52*t - 17811 = 9177. Calculate the highest common factor of t and 3.
3
Let c = 7 + -33. Let x = c - -44. Suppose -a + 252 = a. What is the highest common divisor of a and x?
18
Suppose 0 = 2*s - 0*s - 28. Let n = s - 0. Let c be (-1 + 22)*(2 - -2). Calculate the highest common factor of n and c.
14
Let z = -28 + 30. Suppose -7 = z*l - 15. What is the highest common divisor of l and 2?
2
Suppose -2*z + 14*n + 12 = 10*n, -5*z + 30 = -2*n. What is the greatest common divisor of 21 and z?
3
Suppose -3*b + 9 = -0*b + 3*q, 4*b - 33 = 3*q. Let o = 8 + -4. Calculate the highest common divisor of o and b.
2
Suppose -17*l + 1483 = -2070. What is the highest common divisor of 44 and l?
11
Suppose -4*l + 2 + 42 = 0. Let h = 32 - l. Suppose v + 252 = 5*v. What is the greatest common factor of h and v?
21
Suppose -3*m = 2*m - 190. Suppose -9*z - m = -128. What is the highest common divisor of z and 2?
2
Let y = 31 - 16. Suppose 0 = 2*u - 5*u - 1032. Let s = -239 - u. Calculate the highest common factor of s and y.
15
Let u(h) = -9*h - 76. Let o be u(-10). What is the highest common divisor of 98 and o?
14
Suppose 485 + 1387 = 16*h. Let x be (-6)/(-3 + (3 - 2)) + h. Calculate the highest common divisor of x and 40.
40
Suppose -5*y + y + 8 = 0, 4*n - 5*y = 50. Suppose -u - 2*u + 11 = -l, -5*u - 5*l - n = 0. Calculate the greatest common factor of 2 and u.
2
Let o = 8 - -1. Suppose 0 = -4*d + 6*d - 2*v - 208, -3*d + 2*v = -307. What is the greatest common divisor of d and o?
9
Let u = -44 - 14. Let c = -44 - u. Calculate the greatest common divisor of 2 and c.
2
Let k(l) = l**3 - 8*l**2 + 4*l + 30. Let f be k(7). Let n be (-91)/(-2) - (-1)/(-2). What is the greatest common factor of n and f?
9
Let s be -2*(-698)/20 + (-11)/(-55). What is the greatest common factor of s and 770?
70
Suppose 866 = 22*j - 278. Calculate the highest common divisor of j and 52.
52
Suppose -3*l + 274 - 13 = 0. Calculate the greatest common factor of 145 and l.
29
Let r(v) = v**3 + 5*v**2 + 4*v - 3. Let y(x) = x**3 - 2*x**2 - 5*x + 3. Let u be y(3). Let o be r(u). Calculate the greatest common factor of o and 33.
3
Suppose -4*g = -2*g - 2, 5*k = 5*g + 130. Suppose -3*t + 2*a + 19 = -0*t, -3*a - 27 = -4*t. Calculate the highest common factor of k and t.
3
Suppose -4*u = 30*d - 29*d - 457, 5*u = -20. Calculate the greatest common factor of 43 and d.
43
Let i = -1 - -3. Suppose 2*v - 44 = -0*o + o, -52 = -3*v - 2*o. Let d be ((-24)/v + 4)*(5 + 0). Calculate the greatest common divisor of d and i.
2
Let m(u) = -218*u + 7*u**2 + 218*u. Let o be m(-4). What is the highest common divisor of 16 and o?
16
Let w be (264/(-16))/((-6)/20). Suppose w = 5*g - 6*g. Let v = g - -172. Calculate the greatest common factor of 13 and v.
13
Let a(s) = -2*s + 31. Let m(d) = 3*d - 32. Let g(y) = 5*a(y) + 4*m(y). Let z be g(-12). What is the greatest common divisor of 2 and z?
1
Suppose 10*a - 11*a + 5*f = -230, 0 = 4*a - 5*f - 995. What is the greatest common factor of a and 15?
15
Let m be (0 - (-2 + 4))*2. Let j be 9/(-12) - 7/m. Let l(s) = 2*s**2 + 6*s + 3. Let y be l(-4). What is the greatest common factor of y and j?
1
Let t be (26144/(-266))/(8/(-28)). What is the highest common divisor of 43 and t?
43
Suppose -x + 4*f + 23 = -f, -20 = 5*f. Let j be -4*(4/(-8) - x/12). What is the highest common divisor of j and 12?
3
Let s(r) = 2*r**2 + 84*r - 344. Let n be s(-46). Calculate the highest common divisor of n and 1308.
12
Let d(u) = 14*u + 13 + 3*u - 2*u. Let g be d(11). Suppose -4*b - a + g = 0, -a + 43 = -0*b + b. What is the greatest common divisor of b and 30?
15
Suppose -7*x = -3*x - 84. Suppose 2*r - x = 11. Let k(l) = 3*l**2 - 3*l - 2. Let n be k(3). What is the highest common factor of r and n?
16
Let s = 50 + 94. Calculate the highest common divisor of s and 48.
48
Let i = 6 + -4. Suppose -3*h - 17 = -5*d, -d = -5*h + 3*d - 11. What is the highest common factor of i and h?
1
Let u(s) = -s**2 - 23*s + 10. Let r be u(-17). Calculate the greatest common factor of r and 14.
14
Let g be 6/33 - (-94234)/77. What is the greatest common factor of 12 and g?
12
Let p(i) = 3*i + 31. Let q be p(-5). Suppose j = 5*o + 28 + q, 5*o = 10. What is the highest common factor of j and 18?
18
Let c(g) = g**2 - g - 2. Let j be c(-2). Let l = 1 + j. Calculate the highest common divisor of 35 and l.
5
Let t be -3*2*(2 - 4). Let w(a) = a - 10. Let h be w(10). Suppose 12 = r - h*r. Calculate the highest common divisor of t and r.
12
Suppose -3*l + 20*u + 12 = 23*u, l + 4 = -5*u. Calculate the greatest common factor of 354 and l.
6
Suppose -3*u + 127 = 3*v + v, -v + 28 = -3*u. Suppose -5*n + 5*z = -1405, -2*n + 1106 = 2*n + 5*z. Calculate the greatest common divisor of v and n.
31
Let s = -2216 - -2556. Calculate the highest common factor of s and 544.
68
Let r(s) = -7*s - 10. Let z be 4/(4*3/18). Let q = 1 - z. Let b be r(q). Calculate the greatest common factor of 10 and b.
5
Let o be 4 - ((-2)/3)/(14/21). Suppose -3*h + 906 = -o*p + 144, 774 = 3*h - p. What is the highest common factor of h and 37?
37
Suppose -6*k - 441 = -4*w - k, 3*w = 5*k + 332. Suppose -o + 40 = 2*y, 3*o + 0*y - 5*y - w = 0. Calculate the greatest common factor of 266 and o.
38
Let l be 1/(-8) - 2043/(-24). Suppose 0 = 4*x - 95 - l. Let o be (-10)/(0 + -1 + -1). What is the greatest common divisor of x and o?
5
Let v be 5/(3 - 15/6). Let o(f) = -f**2 - 5*f + 156. Let g be o(-15). What is the greatest common divisor of v and g?
2
Suppose 0 = -191*q + 178*q + 11583. What is the greatest common factor of 33 and q?
33
Let r be (4/4 + 5)/(12/210). What is the greatest common factor of 70 and r?
35
Suppose h + 2*f - 68 = -5, -5*f + 249 = 4*h. Calculate the highest common factor of 244 and h.
61
Let a(v) = v + 1. Let j be a(6). Suppose 6*b - j = 245. What is the highest common divisor of 6 and b?
6
Suppose 19*p = 3*p + 624. Calculate the highest common divisor of p and 65.
13
Let a = -165 + 459. What is the highest common divisor of 210 and a?
42
Suppose 384 = 7*v + 5*v. What is the greatest common factor of v and 20?
4
Let u(l) = 13*l**2 + 47*l - 6. Let z be u(-6). What is the highest common factor of z and 72?
36
Let o = 16 + 18. Suppose -5*m - f = -382, -3*f = -3 - 3. Let b be (-718)/(-14) - (3 + m/(-28)). What is the highest common divisor of b and o?
17
Let j = -309 + 329. Calculate the highest common factor of 11 and j.
1
Suppose -3*m + 16 + 26 = 0. Suppose h - 14 = -4*o + o, m = 3*h - 5*o. Let b(q) = 3*q - 2. Let w be b(6). Calculate the greatest common factor of h and w.
8
Suppose 3*d - 15 = 5*n, 3*n + 2*d - 5*d = -3. Let f(c) = -c**3 - 7*c**2 - 8*c - 8. Let j be f(n). What is the greatest common divisor of j and 32?
4
Let m be 63 + (-6)/((-30)/5). What is the greatest common divisor of 160 and m?
32
Let d(v) = 12*v - 80. Let r be d(8). What is the highest common factor of 32 and r?
16
Let k be (-2576)/(-35) + (1 - 3/5). Calculate the highest common divisor of k and 407.
37
Suppose 5*c = 4*c + 110. Let d be c/(-4)*(-28)/35. Let v be (44/(-5))/(6/(-150)). Calculate the greatest common divisor of v and d.
22
Suppose 49 + 15 = 4*q. Let p be (-476)/q - (-1)/(-4). Let w = p - -60. What is the greatest common divisor of 15 and w?
15
Let j be (-36)/(-42)*(-672)/(-18). Let u = 0 - -4. What is the highest common divisor of u and j?
4
Let b = 11 + -9. Let r(m) = 11*m**3 - 2*m**2 - 2*m. Let z be r(b). Let q = -28 + 47. Calculate the highest common divisor of q and z.
19
Suppose 4*t = 323 + 93. Suppose 3*y - t = 280. What is the highest common divisor of y and 16?
16
Let m(r) = -r + 9. Suppose 0 = -2*q + 3*c + 12, 2*c = q - 0*c - 7. Let g be m(q). What is the greatest common divisor of g and 6?
6
Let q = -721 + 771. Calculate the greatest common factor of 30 and q.
10
Suppose 2*r + 5*g - 335 = 0, -3*r + 4*g + 432 + 36 = 0. Suppose -4*l = -l - 60. Calculate the greate